2 is divided by 53?
26
Calculate the remainder when 1553 is divided by 37.
36
Calculate the remainder when 33 is divided by 12.
9
What is the remainder when 178 is divided by 14?
10
Calculate the remainder when 2437 is divided by 46.
45
Calculate the remainder when 4733 is divided by 363.
14
What is the remainder when 627 is divided by 42?
39
Calculate the remainder when 510 is divided by 57.
54
Calculate the remainder when 276 is divided by 31.
28
Calculate the remainder when 359 is divided by 90.
89
What is the remainder when 3265 is divided by 191?
18
What is the remainder when 180 is divided by 29?
6
Calculate the remainder when 393 is divided by 134.
125
Calculate the remainder when 11983 is divided by 4.
3
What is the remainder when 1854 is divided by 13?
8
Calculate the remainder when 427 is divided by 383.
44
Calculate the remainder when 305 is divided by 34.
33
Calculate the remainder when 809 is divided by 102.
95
Calculate the remainder when 84 is divided by 17.
16
Calculate the remainder when 792 is divided by 53.
50
Calculate the remainder when 1773 is divided by 14.
9
Calculate the remainder when 2287 is divided by 761.
4
What is the remainder when 236 is divided by 62?
50
Calculate the remainder when 569 is divided by 58.
47
What is the remainder when 473 is divided by 25?
23
Calculate the remainder when 5076 is divided by 40.
36
What is the remainder when 56 is divided by 10?
6
What is the remainder when 13394 is divided by 19?
18
Calculate the remainder when 686 is divided by 58.
48
What is the remainder when 219 is divided by 80?
59
What is the remainder when 675 is divided by 224?
3
Calculate the remainder when 1367 is divided by 24.
23
What is the remainder when 654 is divided by 35?
24
What is the remainder when 1015 is divided by 9?
7
Calculate the remainder when 215 is divided by 6.
5
Calculate the remainder when 123 is divided by 70.
53
Calculate the remainder when 358 is divided by 6.
4
What is the remainder when 2122 is divided by 36?
34
What is the remainder when 2487 is divided by 131?
129
Calculate the remainder when 187 is divided by 71.
45
What is the remainder when 173 is divided by 96?
77
What is the remainder when 131 is divided by 30?
11
Calculate the remainder when 629 is divided by 92.
77
Calculate the remainder when 184 is divided by 17.
14
What is the remainder when 129 is divided by 27?
21
What is the remainder when 1031 is divided by 95?
81
What is the remainder when 30098 is divided by 50?
48
Calculate the remainder when 57 is divided by 35.
22
What is the remainder when 99 is divided by 10?
9
Calculate the remainder when 387 is divided by 10.
7
What is the remainder when 1282 is divided by 25?
7
Calculate the remainder when 6 is divided by 5.
1
What is the remainder when 364 is divided by 92?
88
What is the remainder when 345 is divided by 110?
15
Calculate the remainder when 128 is divided by 34.
26
What is the remainder when 97 is divided by 4?
1
What is the remainder when 276 is divided by 93?
90
What is the remainder when 932 is divided by 231?
8
Calculate the remainder when 33 is divided by 14.
5
Calculate the remainder when 511 is divided by 128.
127
What is the remainder when 35 is divided by 8?
3
What is the remainder when 23138 is divided by 130?
128
Calculate the remainder when 115 is divided by 35.
10
Calculate the remainder when 64 is divided by 56.
8
What is the remainder when 338 is divided by 100?
38
Calculate the remainder when 2309 is divided by 55.
54
Calculate the remainder when 20 is divided by 4.
0
Calculate the remainder when 163 is divided by 14.
9
Calculate the remainder when 1035 is divided by 74.
73
What is the remainder when 186 is divided by 79?
28
Calculate the remainder when 1026 is divided by 1011.
15
What is the remainder when 68 is divided by 5?
3
What is the remainder when 1252 is divided by 157?
153
What is the remainder when 174 is divided by 55?
9
Calculate the remainder when 64 is divided by 2.
0
Calculate the remainder when 142 is divided by 9.
7
Calculate the remainder when 535 is divided by 32.
23
Calculate the remainder when 537 is divided by 347.
190
Calculate the remainder when 1342 is divided by 48.
46
What is the remainder when 674 is divided by 111?
8
What is the remainder when 242 is divided by 67?
41
Calculate the remainder when 1090 is divided by 213.
25
Calculate the remainder when 500 is divided by 36.
32
Calculate the remainder when 22 is divided by 16.
6
What is the remainder when 422 is divided by 143?
136
What is the remainder when 227 is divided by 51?
23
What is the remainder when 500 is divided by 156?
32
Calculate the remainder when 83 is divided by 33.
17
What is the remainder when 2445 is divided by 64?
13
Calculate the remainder when 134 is divided by 15.
14
Calculate the remainder when 1853 is divided by 64.
61
Calculate the remainder when 200 is divided by 66.
2
Calculate the remainder when 356 is divided by 19.
14
Calculate the remainder when 41 is divided by 26.
15
What is the remainder when 75 is divided by 62?
13
Calculate the remainder when 304 is divided by 63.
52
Calculate the remainder when 190 is divided by 39.
34
Calculate the remainder when 4299 is divided by 187.
185
What is the remainder when 949 is divided by 38?
37
Calculate the remainder when 960 is divided by 107.
104
What is the remainder when 29 is divided by 10?
9
Calculate the remainder when 379 is divided by 101.
76
Calculate the remainder when 183 is divided by 50.
33
What is the remainder when 1935 is divided by 10?
5
Calculate the remainder when 559 is divided by 140.
139
What is the remainder when 793 is divided by 9?
1
What is the remainder when 179 is divided by 62?
55
Calculate the remainder when 62 is divided by 14.
6
Calculate the remainder when 20 is divided by 7.
6
What is the remainder when 133 is divided by 31?
9
Calculate the remainder when 282 is divided by 57.
54
Calculate the remainder when 24329 is divided by 15.
14
What is the remainder when 605 is divided by 167?
104
What is the remainder when 232 is divided by 59?
55
Calculate the remainder when 1799 is divided by 1790.
9
What is the remainder when 64 is divided by 14?
8
What is the remainder when 58 is divided by 34?
24
What is the remainder when 4368 is divided by 47?
44
What is the remainder when 87 is divided by 33?
21
Calculate the remainder when 2147 is divided by 315.
257
What is the remainder when 4412 is divided by 32?
28
Calculate the remainder when 893 is divided by 229.
206
Calculate the remainder when 2382 is divided by 26.
16
Calculate the remainder when 1588 is divided by 122.
2
Calculate the remainder when 6628 is divided by 46.
4
Calculate the remainder when 1068 is divided by 17.
14
Calculate the remainder when 5394 is divided by 90.
84
What is the remainder when 588 is divided by 582?
6
What is the remainder when 305 is divided by 11?
8
Calculate the remainder when 2603 is divided by 186.
185
Calculate the remainder when 139 is divided by 5.
4
What is the remainder when 152 is divided by 52?
48
What is the remainder when 467 is divided by 38?
11
Calculate the remainder when 1144 is divided by 303.
235
What is the remainder when 491 is divided by 44?
7
Calculate the remainder when 6 is divided by 5.
1
Calculate the remainder when 2981 is divided by 15.
11
What is the remainder when 7055 is divided by 56?
55
Calculate the remainder when 335 is divided by 12.
11
Calculate the remainder when 1613 is divided by 162.
155
What is the remainder when 207 is divided by 10?
7
Calculate the remainder when 396 is divided by 52.
32
Calculate the remainder when 3077 is divided by 39.
35
What is the remainder when 463 is divided by 30?
13
Calculate the remainder when 231 is divided by 26.
23
What is the remainder when 1533 is divided by 118?
117
Calculate the remainder when 43468 is divided by 69.
67
Calculate the remainder when 18 is divided by 4.
2
What is the remainder when 109 is divided by 22?
21
Calculate the remainder when 155 is divided by 143.
12
Calculate the remainder when 49 is divided by 18.
13
What is the remainder when 65 is divided by 11?
10
Calculate the remainder when 133 is divided by 27.
25
Calculate the remainder when 29 is divided by 18.
11
Calculate the remainder w